 + 9*m - 9. Let u be g(6). Let i = -58 - -78. Suppose 24*c = i*c + 144. Calculate the greatest common divisor of u and c.
9
Let r(l) = -3*l + 23. Let b(j) = -6*j - 12. Let s be b(-3). Let v be r(s). Suppose v*t - 430 = 410. Calculate the greatest common factor of t and 24.
24
Suppose -5*v = 2*f - 535, 4*f - 195 - 340 = -5*v. Let l = -93 + v. Calculate the highest common divisor of l and 182.
14
Suppose -4 = -0*l - 2*l. Suppose l*w = -3*w, 12 = 2*t + 2*w. Suppose m = -0*m - 2*x + 2, -4*m - 3*x + 18 = 0. Calculate the greatest common divisor of t and m.
6
Let n be (-18)/(-5) - 20/(-50). Suppose p - 95 = -n*p. Let l(h) = 20*h**2 + 2*h + 1. Let j be l(-1). Calculate the greatest common divisor of p and j.
19
Let g(y) = -11*y**2 + 101*y - 6. Let i be g(9). Calculate the greatest common divisor of i and 128.
4
Let q(h) = -23*h - 611. Let v be q(-27). Let m(j) = j**3 + 3*j**2 - 4*j + 4. Let w be m(-4). Calculate the greatest common divisor of w and v.
2
Suppose 2*g - 16 + 6 = 0. Suppose -g*n - h + 15 = 0, -8*n = -3*n + 4*h. What is the greatest common factor of n and 1?
1
Suppose -693 = -23*n + 1239. What is the highest common factor of n and 14?
14
Suppose -83 = -9*w + 97. Let c be (-2)/(-6) - 2/6. Suppose -24 = -h + 4*z, 2*h - 7*h + 4*z + 104 = c. What is the greatest common divisor of w and h?
20
Let a(j) = 4*j**2 - 38*j + 20. Let y be a(12). Suppose n = -2*k - 2*k + 27, 0 = -n - k + 33. Calculate the greatest common divisor of y and n.
35
Suppose -2*s = 10*r - 5*r - 74, 0 = 4*s - 8. Let v be 6/r - 2070/(-70). Calculate the highest common factor of v and 80.
10
Suppose -6*n + 166 - 64 = 0. Let v be (42/(-9) - -1)*-51. What is the greatest common divisor of n and v?
17
Let w be ((-208)/(-65))/((-2)/(-15)). Let j = w + -8. Let v(c) = 12*c**2 + 4*c. Let d be v(-4). What is the greatest common divisor of j and d?
16
Suppose -1090 + 10 = -12*u. Calculate the highest common divisor of 2790 and u.
90
Suppose -27 + 31 = 4*o, -4634 = -4*t + 2*o. What is the greatest common factor of 38 and t?
19
Let s = 768 - 691. Calculate the highest common factor of s and 11.
11
Let q(h) = h - 8. Let v be q(8). Let x be 35*(v + 6/15). Calculate the highest common divisor of x and 56.
14
Let n be (126/(-12))/((-12)/32 + 0). Calculate the highest common divisor of n and 3108.
28
Suppose -2 = x, -5*g + 2*x = 7*x. Suppose -5*p + 22 = g*s, -s - 4*s + 55 = -p. What is the greatest common factor of 11 and s?
11
Suppose -2*d = 8, 0*d - 28 = -5*g + 2*d. Let a be (498 - 8)*g/10. Let h = 449 - a. Calculate the highest common factor of h and 23.
23
Suppose -5*y = -15, -2*y + 53 + 31 = 3*i. What is the highest common divisor of i and 91?
13
Let m be (19 - 18) + (-1 - -4). Suppose 0 = -5*p - 15, -6*v + m*v = -5*p - 55. Let d = 23 - 15. Calculate the greatest common factor of v and d.
4
Suppose -3*v + 400 + 56 = 0. Suppose 0 = 6*j - 1144 - v. Calculate the greatest common divisor of 24 and j.
24
Suppose 14*l = 12*l + 40. Suppose l + 25 = s. Calculate the greatest common factor of s and 18.
9
Suppose -6*n - 36 = -10*n. Calculate the greatest common factor of 2 and n.
1
Suppose 0 = -14*s + 3*s + 1650. Calculate the highest common factor of s and 30.
30
Let o(b) = -6*b - 5. Let n be o(-4). Suppose 0 = 5*q - n - 11. Let u = -74 + 80. What is the greatest common divisor of u and q?
6
Suppose -6*r - 49 + 1 = 0. Let i be 14*(1/5)/(r/(-20)). Calculate the highest common factor of 77 and i.
7
Let m = 751 - 492. What is the highest common factor of 37 and m?
37
Let j(z) = -z - 1. Let b be j(-3). Let i(f) = -1 + 11*f**b - 10 + 0 - 5*f**3 + 10*f + 4*f**3. Let c be i(11). Calculate the highest common factor of c and 33.
33
Suppose 226 = 3*i - 2*f, 0 = -f - 0 - 5. Suppose -6 = -3*w + i. What is the highest common divisor of w and 13?
13
Suppose -4*b - 3*x = -124 + 21, -3*b + 5*x = -99. What is the highest common factor of 112 and b?
28
Suppose 6*w = 3*w + 60. Suppose -3*d + 20 = 4*t - 8, 0 = 2*d + 8. What is the greatest common factor of t and w?
10
Suppose -2*g + 11 = -61. Let a = -1019 - -1043. Calculate the greatest common divisor of a and g.
12
Let s = 539 + -352. Suppose 0 = g + r - 10, 15 = -3*g + r + 41. Suppose w + g = 26. Calculate the greatest common divisor of s and w.
17
Suppose 0 = -5*v + v - 4*k + 52, -15 = 5*k. What is the greatest common factor of 104 and v?
8
Let o = 26 - 17. What is the greatest common divisor of 39 and o?
3
Suppose -4 = -3*l + 4*l. Let f(m) = -m**3 - 2*m**2 + 6*m + 10. Let w be f(l). Suppose 5*t - 648 = t. What is the highest common factor of t and w?
18
Suppose 0 = -0*s - 2*s. Suppose a = -u + 7, -62 = -5*u - s*u + 4*a. Suppose -20 = -3*i + u. What is the greatest common factor of i and 1?
1
Let f(l) = 41*l**2 - 53*l**2 + l**3 - 10*l + 0*l**3 - 25. Let g be f(13). What is the greatest common divisor of g and 28?
14
Let w(i) = -2*i**2 - 27*i - 4. Let y be w(-12). Suppose 2*a = -3*a + 80. Suppose 3*j - a = 8. What is the greatest common divisor of y and j?
8
Let p = -129 - -96. Let n be 2/6 + (-319)/p. Let w(l) = l**3 + 5*l**2 + l - 2. Let d be w(-4). What is the greatest common divisor of d and n?
10
Let k(g) = g + 11. Let b be 1*15*(-18)/30. Let l be k(b). Let a be l*2*105/28. What is the highest common divisor of a and 6?
3
Let x(f) = f**3 + 8*f**2 - 2*f - 4. Let v be x(-8). Let c = 7 - 1. Suppose -c*g + 9 = -171. What is the greatest common divisor of g and v?
6
Suppose -j = -4*g + 161 + 14, -2*g - 2*j + 90 = 0. Let r = 58 - g. Calculate the highest common factor of r and 154.
14
Suppose -2*q + 0 = 2. Let m(n) = -118*n**3 - n**2 - 2*n - 2. Let h be m(q). What is the greatest common factor of 13 and h?
13
Suppose -2*j = 5*g - 15, -3*j = -j. Let v be ((-3 - -4)*-7)/(1 + -2). Calculate the greatest common factor of v and g.
1
Let w = 91 - 10. Let v(n) = 10*n**2 - n + 1. Let i be v(1). Let m = i - 1. What is the highest common divisor of w and m?
9
Suppose 8*j - 54 = 10*j. Let t = j + 72. What is the highest common divisor of 30 and t?
15
Suppose 2*y - 2*x = -2*y + 24, 0 = 5*y - 2*x - 32. Suppose 5*a - y*a = -60. Calculate the greatest common divisor of a and 80.
20
Let x = -6 - -3. Let r be 5 + 7 + -4 + x. Calculate the greatest common divisor of r and 25.
5
Let c = -15 - -17. Suppose -2*n + 136 = -2*q - c, -5*q = 25. Calculate the highest common divisor of n and 16.
16
Let l(s) = s**2 - 14*s - 2. Let d be l(14). Let g = 4 - d. What is the highest common factor of g and 4?
2
Suppose 0 = t + 5*t - 162. Suppose -c - t = 37. Let n = -32 - c. Calculate the highest common factor of 80 and n.
16
Let r = 23 - -15. Let w(l) = l**3 + 11*l**2 + 12*l + 6. Let i be w(-10). Let j = r + i. What is the greatest common divisor of j and 3?
3
Suppose t + 5*f + 60 = 3*t, 5*t = -5*f + 150. Let x = 4 - -18. Suppose 0 = -3*q - 9, -x - 10 = -o + 4*q. What is the greatest common factor of o and t?
10
Suppose 4*q = -q + 4*o - 51, 15 = -q + 2*o. Let v = q - -8. Let a be 23 + v + -3 + 1. What is the greatest common factor of 22 and a?
22
Let u = 14 - 1. Let q be (1 + 1)/(12/390). Calculate the highest common divisor of q and u.
13
Let m(z) = z**2 + 5*z - 27. Let q be m(-8). Let u be (-8)/(-28) - q/(21/40). What is the highest common divisor of u and 24?
6
Let g(z) = -z**3 + z**2 - z + 7. Let p be g(0). Let q be 11*((-494)/(-65) - 6/10). What is the greatest common divisor of p and q?
7
Let x be (288/60)/((-12)/(-40)). What is the highest common divisor of x and 72?
8
Let g be 5 - (1 + 1 + -3). Suppose -5*t + 13 = a + 2*a, 0 = -2*t - 2. Calculate the highest common divisor of a and g.
6
Let p(u) = -5*u**3 - 7*u**2 - 8*u + 20. Let o be p(-4). What is the greatest common factor of 20 and o?
20
Suppose -17 = -2*q - 13. Suppose -u + 5*n + 29 = 0, q*u + 3*u - 5*n = 225. What is the highest common factor of u and 7?
7
Suppose 5*d + 4*p - 919 = -134, p = d - 148. Calculate the greatest common factor of d and 102.
51
Let z = 164 + -164. Suppose -4*i - 20 + 48 = z. What is the highest common factor of i and 2?
1
Let c(w) = 3*w - 7. Let f(n) = n**2 + 7*n + 3. Let v be f(-7). Let z be c(v). Calculate the highest common divisor of z and 16.
2
Let n(v) = 44*v**2 + 3*v - 1. Let f be n(-1). What is the greatest common factor of f and 50?
10
Let q(w) = w + 2. Let m be q(2). Suppose -m*l + 19 = -s - 8,